k) = -4*k + 19. Suppose -13 = y - 5. What is the remainder when x(y) is divided by 18?
15
Let d = -45 + 56. Let b = 2 - -29. Calculate the remainder when b is divided by d.
9
Let t(y) = 5*y - 3. What is the remainder when 13 is divided by t(2)?
6
Suppose 0 = -5*k + 10*k - 100. Calculate the remainder when 55 is divided by k.
15
Suppose 105 = 2*b + 3*b. Calculate the remainder when 39 is divided by b.
18
Let u = 33 + -11. Let g = 8 - 5. Suppose 6 = g*z - 18. What is the remainder when u is divided by z?
6
Let s(t) = -t**3 - 5*t**2 - 7*t - 2. Calculate the remainder when 59 is divided by s(-4).
9
Let c be 12 + 2 - (3 + -1). Let r = c + 35. Let w = 21 + -5. Calculate the remainder when r is divided by w.
15
Suppose 17 + 9 = -u. Let i = -9 - u. Calculate the remainder when i is divided by 10.
7
Let t = -94 + 98. What is the remainder when t is divided by 4?
0
Let b(m) = 3*m. What is the remainder when (42/2)/1 - 14/(-7) is divided by b(2)?
5
Let z(t) = -t**3 + 4*t**2 - t + 1. Let j(c) be the first derivative of c**3/3 + 4*c - 1. What is the remainder when j(3) is divided by z(3)?
6
Let d = -10 - -18. What is the remainder when 23 is divided by d?
7
Calculate the remainder when 74 is divided by 2 + 2/(-1) - (-38 - 0).
36
Suppose -3*y + 323 = 5*p, 0 = -3*y - 12. Suppose -6*g - 4*t = -2*g - 80, -2*t = -3*g + 45. What is the remainder when p is divided by g?
16
Let k(w) = 2*w**2 - 3*w + 2. Calculate the remainder when k(2) is divided by 2.
0
What is the remainder when 134/12 - (-2)/(-12) is divided by 5?
1
Let a = 158 - 152. Calculate the remainder when 5*(-1 - 19/(-5)) is divided by a.
2
Suppose 4*k - 2*l - 22 = 0, 6*k + 5*l = 3*k - 3. Let n(t) = 2*t + 5*t - t - k - t**2. Calculate the remainder when 10 is divided by n(4).
2
Let m(d) = 11*d**3 - d**2 + 2*d - 1. Let y be (-2)/(-6)*(0 - -3). Let q be m(y). Let s = -4 + q. Calculate the remainder when 13 is divided by s.
6
Suppose 0 = -2*z + 3*t + 12, -4*z + 47 = z + t. Suppose 4*i = -3*o - 8 + 96, 3*o + 87 = 3*i. What is the remainder when i is divided by z?
7
Let q be (-45)/6*32/10. Let p = -7 - q. Let t(j) = 2*j**3 - 5*j**2 + j - 3. What is the remainder when t(4) is divided by p?
15
Suppose -4*h = 3*d - d - 334, 5*d - 3*h - 861 = 0. Suppose 2*k - 5*k = -d. What is the remainder when k is divided by 15?
12
Calculate the remainder when 2 is divided by (0 + -1 + 2)/1.
0
Let g(w) = -4*w - 7. Suppose -2*l + 4*l = -10. Calculate the remainder when 49 is divided by g(l).
10
Let o = 0 + 7. Let k(v) = -2*v - 5. Calculate the remainder when k(-8) is divided by o.
4
Suppose -r - 3*r - 12 = 0, -m = 3*r - 5. Calculate the remainder when 30 is divided by 1 + 3/3 + m.
14
Calculate the remainder when 58 is divided by 4 + (-1 + 3)*4.
10
Suppose w = 2*w + 4*f + 4, -f = 4*w - 29. Calculate the remainder when 13 is divided by w.
5
Suppose 0 = -h + 15. Calculate the remainder when h is divided by 8.
7
Let y(c) = -c**3 + 8*c**2 - 9*c + 17. What is the remainder when 15 is divided by y(7)?
0
Let y(j) = -2*j**3 + 59*j**2 - 25*j - 68. Suppose 4*b = -0*b + 52. What is the remainder when y(29) is divided by b?
9
Let z(o) = 3*o**3 - o**2 - o - 1. Let r(g) = 37*g + 2. Let m be r(5). Suppose 5*p + 22 = m. What is the remainder when p is divided by z(2)?
16
Let u(b) = b**3 - 5*b**2 + 5. Calculate the remainder when 12 is divided by u(5).
2
Let h = -21 - -31. Let d(o) = 3*o - 5. Calculate the remainder when h is divided by d(3).
2
Let p be (-6 - -2)/(1/2). Let z = 10 + -14. What is the remainder when ((-4)/(-1))/(z/p) is divided by 5?
3
Suppose 0 = -4*h, q - 4*h + 10 = 6*q. Let z = -6 + 9. Suppose r - 29 = z*k, 0 = -r + 3*k + q*k + 31. Calculate the remainder when r is divided by 7.
5
Suppose 0 = -m + 8. Suppose -j + 2*y = -3 - m, 27 = 5*j + 4*y. Suppose -6*b + 4*w = -b - 21, 2*b - 3*w = j. Calculate the remainder when 9 is divided by b.
4
Let n(v) = 0*v + 1 - 6 - 5*v + 0. What is the remainder when n(-5) is divided by 11?
9
Suppose 70 + 18 = 11*i. Calculate the remainder when 17 is divided by i.
1
Let a(t) = 5*t**3 - 4*t**3 - 2*t**2 + 6 - 7*t + t**2 - t**2. Calculate the remainder when 28 is divided by a(4).
8
Let y(n) = n - 6. Let m = 3 - 8. Let x be y(m). Let g = x + 22. Calculate the remainder when 32 is divided by g.
10
Suppose 2*i - 5 = 25. Suppose 0 = 4*b - 8*b + 36. Suppose 4*v = 107 + b. Calculate the remainder when v is divided by i.
14
Calculate the remainder when 43 is divided by ((-3)/1)/(-9)*45.
13
Let s = 42 - 21. Calculate the remainder when 83 is divided by s.
20
Let o = -66 + -27. Let a = -59 - o. Calculate the remainder when a is divided by 12.
10
Let x be (-3)/(3 + 16/(-6)). Let k = 7 - x. Let i = 3 + 28. Calculate the remainder when i is divided by k.
15
Calculate the remainder when -6 + -4 + 6 + (1 - -7) is divided by 3.
1
Let d be ((-5)/15)/(1/3). Calculate the remainder when 0/(0 - d) + 38 is divided by 13.
12
Suppose 15 = 5*s, 4*d - 50 = 3*s - 11. What is the remainder when 44 is divided by d?
8
Suppose -2*d = -100 + 24. Let y(q) = q + 13. What is the remainder when d is divided by y(0)?
12
Suppose -4*t = 3*j - 126, 3*t + 31 - 160 = -3*j. What is the remainder when j is divided by 24?
22
Suppose -k + 375 = 5*z, k = -0*k - 5. What is the remainder when z is divided by 26?
24
Suppose -4*z - 3*u = -0*u - 127, z - 18 = 2*u. Calculate the remainder when z is divided by 16.
12
Let f(q) = 16*q - 12. What is the remainder when 36 is divided by f(2)?
16
What is the remainder when 3 is divided by 4 - (4 + -2)*1?
1
Let q = 3 + -1. Let s(w) = -8 - w**q + w + 23 + 0*w**2. What is the remainder when 28 is divided by s(0)?
13
What is the remainder when -3*(2 - (16 - 1)) is divided by 8?
7
Let a(j) = j**3 + 12*j**2 - 36. Calculate the remainder when a(-11) is divided by 8.
5
Let o be 0 + 4 - (-1 + -1). Suppose o = -3*d, -4*y + d + 0*d = -74. Suppose 0 = 4*k - 12, u + 15 = 4*u - 5*k. Calculate the remainder when y is divided by u.
8
Suppose -3 = -s + 3. What is the remainder when s is divided by 3?
0
What is the remainder when 6*(2 - 8/(-3)) is divided by (-1)/((-57)/(-30) - 2)?
8
Suppose 2*m + 0*m - 27 = 3*b, 4*m - 55 = 5*b. Calculate the remainder when 28 is divided by m.
13
Suppose -2*n + 3*m + 0*m = -42, 0 = -n - 4*m + 10. What is the remainder when 52 is divided by n?
16
Let h = -122 - -59. Calculate the remainder when (-2)/7 + (-2412)/h is divided by 13.
12
Calculate the remainder when 146 is divided by (84/(-18))/((-3)/((-27)/(-2))).
20
Let w be 4/10 - 28/(-5). Let z be (-2)/w - (-458)/6. Suppose b = 3*b - z. Calculate the remainder when b is divided by 13.
12
Calculate the remainder when 38 is divided by 28/3*(-4 - (-11)/2).
10
Let j = 9 - 5. Suppose 4*n - 152 = 3*v, -179 = -5*n - 3*v + 4*v. Let f = n + -25. What is the remainder when f is divided by j?
2
Suppose -3*l = -3*h + 198, 4*l - 293 = -4*h - 5. Suppose 4*x - 7*x + h = 0. Calculate the remainder when x is divided by 13.
10
Suppose 2*k = -19 + 103. Suppose k = 7*r - 4*r. Calculate the remainder when 27 - (2 - 1) - -1 is divided by r.
13
Let p(q) = -5*q**3 - 2*q**2 - 4*q + 7. Let d(o) = -6*o**3 - o**2 - 4*o + 8. Let u(a) = -4*d(a) + 5*p(a). Calculate the remainder when u(-6) is divided by 15.
12
Suppose 2*u - 3 = u. Suppose -u*z + 3 = 0, -5*a - 2*z - z = -28. What is the remainder when a is divided by 3?
2
Let b(l) = 10*l**2 - l. Calculate the remainder when 32 is divided by b(-1).
10
Suppose -3*n - n - 12 = 0. Let t(b) = 2*b**2 - b - 2. Let u = -8 + 18. Calculate the remainder when t(n) is divided by u.
9
Suppose -8 = -2*w, 10 = -0*s + 2*s + w. Suppose 23 = 3*b - 22. Suppose 0 = -d - s + b. What is the remainder when 23 is divided by d?
11
Let b(v) = 4*v - 5*v + 43 + 2*v. What is the remainder when b(0) is divided by 11?
10
Let p(v) = -11*v**3 + v**2 + 2*v + 2. Calculate the remainder when 22 is divided by p(-1).
10
Suppose f = -3*r + 36, -6*f + 2*f = 5*r - 53. Suppose 4*q + 3*n - 121 = 6, 2*n = 10. Calculate the remainder when r is divided by (-6)/(-4)*q/6.
6
Let p(r) = -3*r + 73. What is the remainder when 26 is divided by p(23)?
2
Let v(w) = w**3 - w**2 + w - 2. Let c be v(0). Suppose 5*a - 5*s - 160 = 0, 4*s - 27 = -3*a + 2*a. What is the remainder when a is divided by (c - 1)/9*-33?
9
Suppose -2*y + 6 = 3*z + y, -2*y = -3*z + 21. Suppose -48 = -4*n